te the remainder when 1220 is divided by i(3).
64
What is the remainder when 809 is divided by (-996)/(-54) - 8/18?
17
Let n = -407 + 412. Let q = 1 - -4. Suppose 87 = 3*b + 3*t, 4*t - 3 = q*t. Calculate the remainder when b is divided by n.
2
Suppose 4*c = -d + 6903, 4*c - 4244 = 2*d + 2662. What is the remainder when c is divided by 34?
26
Let f = -2488 - -3166. What is the remainder when f is divided by 34?
32
Calculate the remainder when 9799 is divided by 105/(-2)*512/(-192).
139
Let d = 30 - 5. Suppose 3*i - d = -1. Suppose -54 = -4*f + 66. Calculate the remainder when f is divided by i.
6
Suppose 0 = 4*g + 2*y - 6*y - 36, 2*g + y = 33. Suppose 0 = j - 5, 5*j = 4*i - 419 - 1476. Let x = i - 384. Calculate the remainder when x is divided by g.
12
Suppose -2205 - 5826 = -113*b + 783. What is the remainder when b is divided by 0/(-1) + 1*27?
24
Let u = 131 + -117. Suppose u*q - 52 = 172. Calculate the remainder when 49 is divided by q.
1
Suppose 126 = 4*b + 2*v, -b + 2*b - 29 = -v. Calculate the remainder when 131 is divided by b.
29
Let h(a) = 22*a - 223. Let s(f) = -1. Let o(g) = -h(g) - 3*s(g). What is the remainder when 37 is divided by o(10)?
1
Let p = 261 + -259. Suppose -14*l = -p*l - 864. What is the remainder when l is divided by 16?
8
What is the remainder when (-366 - -84)*(-4)/(-6)*-7 is divided by 33?
29
Suppose o + f = 292 + 691, 3*o = -2*f + 2947. Suppose -757 = -t - 2*t + 5*z, -4*t + o = -z. Calculate the remainder when t is divided by 13.
10
Suppose 2*y = -4*z + 2, -5*z + 2 = -y + 3*y. Suppose -5*w + 186 = 3*v - z*v, -v + 70 = -w. What is the remainder when v is divided by (34/3)/(4/6)?
16
Suppose -5*l + t - 92 = 116, -2*l - 78 = -3*t. Calculate the remainder when (-8064)/l - (-2 + 2) is divided by 28.
24
Suppose -16*i + 1416 = 6424. Let t = 344 + i. Calculate the remainder when 91 is divided by t.
29
Suppose 4*h - 9 - 11 = -3*r, 0 = 2*h - 2*r + 4. Suppose h*u = -3*o + 75, -2*u + o + 118 = u. What is the remainder when u is divided by 23?
16
Suppose 39 = 4*b + 23. Suppose -s - 1 = -b. Calculate the remainder when 8 is divided by (2 + -7 + s)*-1.
0
Suppose 111*d = 25*d - 2777 + 16537. Calculate the remainder when 1246 is divided by d.
126
Suppose -250 = 5*v - 55*v. Suppose -b + 5*r = -913, 3*r - 4525 = -v*b + 8*r. Calculate the remainder when b is divided by 113.
112
Suppose -28*g + 14379 + 3009 = 0. What is the remainder when g is divided by 13?
10
Suppose -2156 = -3*j - 2*w, -288*j + 1456 = -286*j - w. What is the remainder when j is divided by 126?
94
Let k be 112/32 + 2/(-4). Suppose 31 = -k*y + 46. Suppose y*i - 2*v = -0*i + 226, -2*i + 2*v = -88. Calculate the remainder when i is divided by 18.
10
Suppose -5*c - 20 = 5. Suppose -5*r + 4*m + 68 + 27 = 0, m = 0. What is the remainder when 174/3 - (-15)/c is divided by r?
17
Let i be 140/12*(3 - 0). Let j = 43 - i. Suppose 3*l + 4*d - 159 = j*d, d = -5*l + 265. Calculate the remainder when l is divided by 14.
11
Suppose 5931 = -2*h + 44*h + 429. Calculate the remainder when h is divided by 28.
19
Let f = 56 - -149. Let u = f + -98. Calculate the remainder when u is divided by 22.
19
Suppose 9*d - 26*d = -7*d - 1370. Let q be (-35)/(1 + (-1)/2). Let k = d + q. What is the remainder when k is divided by 24?
19
Let i = 1361 + 4328. Calculate the remainder when 11382 is divided by i.
4
Suppose -3*o - 1880 + 1971 = 4*o. Calculate the remainder when 714 is divided by o.
12
Let l be 2*(-4)/8 + 4. Suppose -u + 45 = -l*c, 5*u + c = 151 + 10. Suppose -7*r + 170 = 3*r. Calculate the remainder when u is divided by r.
16
Suppose a + 4*w - 2 = 0, 2 - 29 = -3*a - 5*w. Let k = a + 7. Calculate the remainder when (-7820)/(-51)*(2 - 3)*15/(-10) is divided by k.
20
Suppose -2*h = -4, 2*h = 3*g + 5*h - 123. What is the remainder when 550 is divided by g?
4
Let x = 277 - 273. Calculate the remainder when 563 + x/(-1) + -2 is divided by 31.
30
Let i(w) = 747*w - 2205. What is the remainder when 322 is divided by i(3)?
34
Let h(t) = t**2 - 43*t + 8. Let o(k) = k**2 - 34*k + 138. Let v be o(31). What is the remainder when h(v) is divided by 26?
20
Let u(b) = 83*b + 93. What is the remainder when 244 is divided by u(-1)?
4
Calculate the remainder when 446 is divided by (-128)/(-96)*((-270)/(-16))/(1/4).
86
Suppose 78*z - 5*a = 75*z + 67, 5*z - a = 75. What is the remainder when 2363 is divided by z?
11
Let q be 21/6 - (-45)/30. Suppose -5*g + 124 - 1 = -4*c, -q*c + 105 = 5*g. Suppose b - 1 = -0*b, -35 = -5*z + 5*b. What is the remainder when g is divided by z?
7
Suppose 0 = 11*x + 41 + 47. What is the remainder when 17 is divided by (-84)/x*20/35?
5
Let k = -284244 + 284258. Suppose 2*b + 2*q - 2 = 0, -3*b = -b - 3*q + 13. What is the remainder when b/(-4) - 49/(-2) is divided by k?
11
Suppose 4*b + s + 25 = -0*s, 0 = -b + 4*s - 19. Let p = 6 - b. Suppose -7*x = -j - 12*x + 33, 5*j + x = 237. What is the remainder when j is divided by p?
9
Let v = 3204 - 3000. Calculate the remainder when v is divided by 34.
0
Suppose 2*r + 2285 = n, 0 = -0*n + 5*n - 4*r - 11395. Suppose -13*x + n = -1339. What is the remainder when x is divided by 47?
43
Let p be (5254/111)/(2 - (-82)/(-42)). Suppose -101*s + 94*s + p = 0. What is the remainder when s is divided by 18?
16
Let c = -51 - -254. Calculate the remainder when c is divided by (-335)/(-40) - 50/(-80).
5
Let m = 133 - 39. Let h = -11 - -59. What is the remainder when m is divided by h?
46
Let m(y) = y**2 + 9*y + 12. Suppose -3*q + 3 = 27. Let c be m(q). Suppose 3*z - 31 = -d, 4*z = -c*d + 7*z + 124. What is the remainder when 123 is divided by d?
30
Let h(d) = -11*d - 152. Suppose -j - 2*j + 3*o - 51 = 0, -2*o = j + 20. What is the remainder when h(j) is divided by 9?
1
What is the remainder when 88 is divided by 241/5 + ((-24)/(-5) - 6)?
41
Suppose 2 = -2*p + 6. Suppose -p*s = 4*n - 70, -4*s + 13*n + 122 = 15*n. Suppose -2*l - 3*l = -565. Calculate the remainder when l is divided by s.
26
Suppose -32*h = -49*h + 51. Suppose -h*t + 2*o + 388 = 0, 3*t - 5*o = -173 + 549. What is the remainder when t is divided by 17?
13
Let q(j) = -410*j - 1496. Calculate the remainder when q(-7) is divided by 17.
14
Suppose 88 = 3*i - 5*s + 18, -4*s = -3*i + 71. What is the remainder when i is divided by (-207)/621 - (19/(-3) + 0)?
1
Let o(u) = -11*u**3 - 10*u**2 - 13*u - 44. Let k be o(-4). Suppose -191*d + 193*d - k = 0. Calculate the remainder when d is divided by 32.
20
Suppose -47*p = -49*p + 168. Suppose 4*t + 5*i = p, 5*i - 3*i + 105 = 5*t. Calculate the remainder when 125 + (1 - 1 - 0) is divided by t.
20
Suppose 3*w = -5*t + 74, 2*w + 10*t - 24 = 13*t. Calculate the remainder when 141 is divided by w.
15
Let u = -1 + 5. Suppose 0*a - 5*t = u*a + 8, t = -5*a - 10. What is the remainder when (144/54)/(a/(-12)) is divided by 6?
4
Let r = 122 + -57. Let g be -9*(6/9 - (-20)/(-12)). Suppose g*u + 44 = 13*u. Calculate the remainder when r is divided by u.
10
Suppose 0 = -444*t + 357*t + 9570. What is the remainder when 1322 is divided by t?
2
Calculate the remainder when 109 is divided by 44 + 4/(8/(-9))*(-24)/18.
9
Let x = -36 - -75. Suppose 3*j - 3*u = 228, 143*j - 145*j - 5*u + 187 = 0. Calculate the remainder when j is divided by x.
3
Suppose -4*y = -28 + 36. Let h be (3/5)/((-49)/25 - y). Suppose -h = -u + 1. Calculate the remainder when 93 is divided by u.
13
Let c be (-16)/(-4)*936/(-32). What is the remainder when 25 is divided by (-832)/c - 1/9?
4
Suppose -5*q = a - 150 - 186, 0 = -3*q - 2*a + 203. What is the remainder when q is divided by (-6)/(-9) + 343/21?
16
Suppose 782 + 518 = 26*s. Calculate the remainder when 2169 is divided by s.
19
Suppose 17*f = 15*f + 284. Let b = f + -132. Let w = 12 - -6. What is the remainder when w is divided by b?
8
Suppose -115 - 599 = -6*n. Let c = n + -112. Suppose c*o - 370 = 218. Calculate the remainder when o is divided by 17.
16
Suppose 590 = 14*n - 124. Suppose -n*t - 204 = -57*t. Calculate the remainder when 199 is divided by t.
29
Let k(b) = -b**3 + 2*b**2 + 8*b + 5. Let d be k(4). Suppose -3*w = 2*x - 22, 4*x + 0*w - d*w = 22. Calculate the remainder when x is divided by 7.
1
Let r = 425 + -203. Suppose -r - 218 = -5*y. Suppose 9*d = d + y. What is the remainder when 32 is divided by d?
10
Suppose 4*h + 5*h - 